 = 4*c - 20. Let r be q(u). What are the prime factors of r/(-14) + (-2160)/(-63)?
2, 17
Let d(l) = l**3 - 7*l**2 + 57*l - 19. What are the prime factors of d(11)?
2, 3, 7, 13
Let b(x) = x - 1. Let w be b(-1). Let i = 2 + w. Suppose -s + 18 = 2*q, 0 = 4*s - 2*q - i*q - 32. What are the prime factors of s?
2, 5
Suppose -49*u + 26780 = -8500. List the prime factors of u.
2, 3, 5
Let i(h) be the third derivative of h**5/60 - 5*h**4/12 - h**3/2 - 4*h**2. Let t(x) be the first derivative of i(x). List the prime factors of t(8).
2, 3
Let a(f) = 10*f + 3. Let o be a(-8). Let p = o - -110. Suppose p - 10 = b. What are the prime factors of b?
23
Let g = 5 - 5. Suppose 2*n - 5*n + 9 = g. Suppose -n*d + 2*d + 13 = 0. What are the prime factors of d?
13
Let c(t) = t + 12. Let f be c(-10). List the prime factors of (820/(-12))/(f/(-6)).
5, 41
Let b = 1443 - 1387. What are the prime factors of b?
2, 7
Let n be (1/(-2))/(3 + 3482/(-1160)). Let a = 578 - n. List the prime factors of a.
2, 3
Suppose -5*l - 5 = d, -2*d = 3*d - 5*l + 85. Let p(f) be the first derivative of -f**2/2 - 11*f - 18. What are the prime factors of p(d)?
2
Let x = 925 + 610. List the prime factors of x.
5, 307
Suppose s + 3907 = 4*u + 4*s, 5*u = 2*s + 4855. List the prime factors of u.
7, 139
Let m(p) = -4*p**3 - 2*p**2 + 1. Let a be m(-1). Suppose 16 = w + a*w. Suppose 5*o = x - 5*x + 49, w*x - 4 = 0. What are the prime factors of o?
3
Let u(o) = 12*o - 13. Let i(d) = -d**2 + 2*d + 6. Let k be -2 + (-2 - (2 - 6)). Let g be i(k). List the prime factors of u(g).
59
Suppose -57 = -3*h - 15. Suppose 0 = -5*j + 11 + h. Let b(a) = a**3 - 5*a**2 + 4*a. List the prime factors of b(j).
2, 5
Let d(s) = 35*s + 193. What are the prime factors of d(13)?
2, 3
List the prime factors of (-1)/(-5 + (-12252)/(-2451)).
19, 43
Let d = -16 - -22. Suppose -176 = -8*n + d*n. List the prime factors of n.
2, 11
Let t(l) = -3*l**2 - 123*l - 88. List the prime factors of t(-36).
2, 113
Suppose -2 + 4 = n. Suppose -n*c + 8 = -0. Suppose 0 = -c*g + 4, 3 = 3*v + 2*g - 11. What are the prime factors of v?
2
Let l be 1/1 + -1 - 0. Suppose -141*y = -130*y - 55. Suppose m - 5*q - 23 = 0, l = m + 3*q + y + 4. What are the prime factors of m?
3
Let j(h) = -3*h + 9*h**2 - 4*h - 3 + 4*h. List the prime factors of j(3).
3, 23
Let v(y) = y**2 - 23*y + 25. Let j be v(22). Suppose 2*s + 463 = 8*o - 5*o, 302 = 2*o - j*s. List the prime factors of o.
157
Let q(p) = -3*p - 4. Let m(x) = x + 4 - x + x. Let g be m(-8). List the prime factors of q(g).
2
List the prime factors of ((-44345)/(-21) - 1)*12/8.
2, 1583
Let w(g) = 69*g**2 + 9*g + 5. Let l be w(-2). Let i = -155 + l. What are the prime factors of i?
2, 3
Let v = -3 - -8. Let w = v - -33. Suppose 0 = 2*p - 0*t - t - w, 95 = 5*p - 5*t. List the prime factors of p.
19
Let y(c) = -c**3 + 5*c**2 - 4*c - 1. Let m be y(3). Suppose 4*l + m*k + 153 = -0*l, -5*k = l + 27. Let s = -12 - l. What are the prime factors of s?
2, 3, 5
Let r = -378 - -1953. What are the prime factors of r?
3, 5, 7
Let c = -52 - -35. List the prime factors of 2*(c + 1)*-1.
2
Let m = -10 + 9. Let u(h) = 2*h**2 + h. Let a be u(m). What are the prime factors of (a*2)/(2/21)?
3, 7
Suppose 0*v - 3*v + 66 = 0. Let w(o) = -o**3 - 5*o**2 - 5*o + 7. Let l be w(-3). Suppose q + l*s = v, -2*q + 3*q + s - 19 = 0. List the prime factors of q.
2, 3
Let x = -314 + 516. List the prime factors of x.
2, 101
Suppose 17 + 25 = -3*h. Let a = -67 - -121. Let k = a + h. What are the prime factors of k?
2, 5
Let j be 3*10/(-45)*-33. Let s = j - -11. What are the prime factors of s?
3, 11
Let i(f) = f**3 - 11*f**2 + 9*f + 14. Let r be i(10). What are the prime factors of 1 + (-454)/(r/2*-1)?
2, 3, 19
Suppose 4*x = 1144 - 220. What are the prime factors of x - 33 - -3*(0 - 1)?
3, 5, 13
Let r(y) = 29*y - 718. List the prime factors of r(34).
2, 67
List the prime factors of (280/63 - (-4)/(-9)) + 602.
2, 3, 101
Let p be 11/3 + (-4)/(-12). Suppose -5*h + 0*h = -p*a - 51, 0 = 2*h + a - 10. What are the prime factors of h?
7
Let p be (-2)/(5/5) - -4. Suppose -p = -4*g + 122. What are the prime factors of g?
31
Suppose 17 = 3*n - 2*s, -3*n + 1 + 20 = -3*s. Suppose -2*z - 362 = -4*g, n*g + 3*z - 273 = 4*z. List the prime factors of g.
2, 23
Let d = -31 + 850. What are the prime factors of d?
3, 7, 13
Let n be (10/(-4))/(1/(-2)). Suppose 11 = n*j - 34. What are the prime factors of j?
3
Suppose 0 = -11*h + 2*h + 6309. List the prime factors of h.
701
Suppose -26 = -5*m - 5*v + v, 5*m + v = 14. Let z be 6/(-10) + (-3)/(-5). What are the prime factors of 10/m - (-3 - z)?
2
Suppose 0 = 6*q - 8*q - j + 2939, 4*j + 5896 = 4*q. What are the prime factors of q?
1471
Suppose 5*t + 2*t = 5*t. Suppose 230 = m + 3*m + 5*i, m + 3*i - 54 = t. What are the prime factors of m?
2, 3, 5
Suppose -s + x + 794 = 0, 3*s + 3*x + 204 = 2580. What are the prime factors of s?
13, 61
List the prime factors of (13 - 19) + -6 + 886.
2, 19, 23
Suppose -6*s + s - 22 = k, 0 = 2*k - 4*s + 16. Let b be (-1)/((-3)/21) - -2. List the prime factors of (b/6)/(k/(-256)).
2
Suppose 60*x = 61*x + w - 1119, -5*w - 10 = 0. What are the prime factors of x?
19, 59
Let o be (-79)/(-4) - 1/(-4). Suppose 0 = -3*m - 2*m + o. Suppose -m*j + 58 + 106 = 0. List the prime factors of j.
41
Suppose -5*j + 60 = -20. Let w = 164 + -107. Let i = w - j. What are the prime factors of i?
41
Let v(n) = -n**3 + 4*n**2 + 22*n + 20. What are the prime factors of v(-6)?
2, 31
Let r be (11 - (0 + -3))/1. Suppose r*w - 6 = 11*w. Suppose 2*t + w*h - 88 = 0, -t - 3*t + h + 161 = 0. What are the prime factors of t?
41
Let h(g) = 2*g - 28. Let f be h(14). List the prime factors of (9 + 2)*(f - -1).
11
List the prime factors of ((-12)/(-14))/(-2 + 30/14).
2, 3
Let h = -491 + 1098. What are the prime factors of h?
607
Let p(l) = 2*l**2 - 9*l - 15. Let v be p(11). Suppose -7*u + v = -33. List the prime factors of u.
23
Let x be ((-14)/8)/(11/(-44)). List the prime factors of 3660/42 - 1/x.
3, 29
Suppose -27 - 1573 = -5*h. What are the prime factors of h?
2, 5
Let o be 95/10 + (-1)/(-2). Suppose -o*m = -535 + 55. What are the prime factors of m?
2, 3
Let q = 1017 - 676. List the prime factors of q.
11, 31
List the prime factors of (74/(-3))/((-1)/21).
2, 7, 37
Suppose 0 = 28*r - 11287 + 1375. What are the prime factors of r?
2, 3, 59
Let d be (-4 - -50) + -2 + 0. Let i = d - 28. Suppose 4*n + 35 = m, 3*m - 66 = n - i. What are the prime factors of m?
3, 5
Let m be 0/((-5)/5)*(0 + 1). Suppose m = -x - x + 224. What are the prime factors of x?
2, 7
Let h(n) = 9*n**3 + n**2 + n - 1. Let x be h(1). Suppose 2*v - 68 = -x. Let s = v - -23. List the prime factors of s.
2, 13
Suppose -5*c - 388 = -m, 3*m + 49*c - 1192 = 50*c. List the prime factors of m.
2, 199
Let t = -463 - -1467. List the prime factors of t.
2, 251
Let x = 29 + -26. Suppose -2*t + 3*u = -82, -86 = -2*t - u + x*u. List the prime factors of t.
47
Let t(l) = l**3 + 5*l**2 - 5*l - 6. Let z(o) = -2*o + 1. Let u be z(3). List the prime factors of t(u).
19
Let d(c) = 30*c - 11. Let j be d(3). Let r = j + 8. What are the prime factors of r?
3, 29
Let j(v) = -9*v**3 + v. Let x be j(-1). Suppose -x*d + 6*d = -4. What are the prime factors of d?
2
Let s = -577 - -918. List the prime factors of s.
11, 31
Let o be 12/(-3) + 2 + (-12)/(-3). Suppose 5*r + l - 29 = -11, 2*r = o*l + 12. List the prime factors of r.
2
Let x(q) = -66*q + 303. What are the prime factors of x(-34)?
3, 283
Suppose 1543 = y + 4*b, -3*y + 4*b = 2*y - 7643. What are the prime factors of y?
1531
Let r(x) = 2*x**2 + 14*x + 6. Suppose 7*p - 17 = -94. List the prime factors of r(p).
2, 47
Suppose 57*f - 601 + 31 = 0. Let g(c) be the third derivative of -c**6/120 + c**5/6 + c**4/24 + c**3/2 + c**2. List the prime factors of g(f).
13
Let c = -24 - -37. Let q = -10 + c. Suppose -14 = q*m - 98. List the prime factors of m.
2, 7
Let c = 515 + 273. What are the prime factors of c?
2, 197
Let p(z) = -z**3 - 8*z**2 + 9*z + 6. Let w be (-3)/(-6) + (-152)/16. Let q be p(w). Suppose -268 = 2*c - q*c. List the prime factors of c.
67
Let l = 54 + 57. Let s = -53 + l. List the prime factors of s.
2, 29
Suppose 0 = -3*d + 5*z + 17, z = -3*d - 2*z + 9. Suppose -4*i = d, 2*o + 2*i - 158 = 96. What are the prime